{"id":1806,"date":"2022-09-03T16:32:30","date_gmt":"2022-09-03T14:32:30","guid":{"rendered":"https:\/\/www.mkdoprava.cz\/?page_id=1806"},"modified":"2025-07-14T17:00:26","modified_gmt":"2025-07-14T15:00:26","slug":"1806-2","status":"publish","type":"page","link":"https:\/\/www.mkdoprava.cz\/","title":{"rendered":""},"content":{"rendered":"\n<h2>\n\t\t&#8230; ji\u017e od roku 2008\n\t<\/h2>\n<h2>\n\t\tO mn\u011b\n\t<\/h2>\n\t<p>Projektov\u00e1n\u00edm dopravn\u00edch staveb se zab\u00fdv\u00e1m ji\u017e od roku 2008. Za tu dobu jsem \u0159e\u0161il ji\u017e mnoho velk\u00fdch i mal\u00fdch staveb, a to v\u017edy s respektem k logicko-technick\u00e9mu n\u00e1vrhu s ohledem na \u00fazem\u00ed, urbanismus, \u017eivotn\u00ed prost\u0159en\u00ed a v neposledn\u00ed \u0159ad\u011b k po\u017eadavk\u016fm klienta. Jsem autorizovan\u00fdm in\u017een\u00fdrem \u010cKAIT v oboru dopravn\u00edch staveb (00128921) a dr\u017eitelem osv\u011bd\u010den\u00ed ministerstva dopravy auditor bezpe\u010dnosti pozemn\u00edch komunikac\u00ed (0102).<\/p>\n<h2>\n\t\tZab\u00fdv\u00e1m se\n\t<\/h2>\n\t\t\t\t<img src=\"http:\/\/www.mkdoprava.cz\/wp-content\/uploads\/2022\/09\/Bez-nazvu-5-150x150.png\" alt=\"Bez n\u00e1zvu-5\" itemprop=\"image\" title=\"Bez n\u00e1zvu-5\" onerror=\"this.style.display='none'\"  \/>\n\t<p>Zpracov\u00e1n\u00ed projektov\u00e9 dokumentace: silnic, m\u00edstn\u00edch komunikac\u00ed, parkovi\u0161\u0165, gar\u00e1\u017e\u00ed, cyklostezek, chodn\u00edk\u016f<\/p>\n\t\t\t\t<img src=\"http:\/\/www.mkdoprava.cz\/wp-content\/uploads\/2022\/09\/park-150x150.png\" alt=\"park\" itemprop=\"image\" title=\"park\" onerror=\"this.style.display='none'\"  \/>\n\t<p>V\u00fdpo\u010det dopravy v klidu<\/p>\n\t\t\t\t<img src=\"http:\/\/www.mkdoprava.cz\/wp-content\/uploads\/2022\/09\/Bez-nazvu-7-150x150.png\" alt=\"Bez n\u00e1zvu-7\" itemprop=\"image\" title=\"Bez n\u00e1zvu-7\" onerror=\"this.style.display='none'\"  \/>\n\t<p>Zpracov\u00e1n\u00ed generel\u016f dopravy m\u011bst a obc\u00ed<\/p>\n\t\t\t\t<img src=\"http:\/\/www.mkdoprava.cz\/wp-content\/uploads\/2022\/09\/265-2658135_general-contractor-manager-main-contractor-building-helmet-icon-150x150.png\" alt=\"265-2658135_general-contractor-manager-main-contractor-building-helmet-icon\" itemprop=\"image\" title=\"265-2658135_general-contractor-manager-main-contractor-building-helmet-icon\" onerror=\"this.style.display='none'\"  \/>\n\t<p>Audit bezpe\u010dnosti pozemn\u00edch komunikac\u00ed a bezpe\u010dnostn\u00ed inspekce<\/p>\n\t\t\t\t<img src=\"http:\/\/www.mkdoprava.cz\/wp-content\/uploads\/2022\/09\/Bez-nazvu-83-150x150.png\" alt=\"Bez n\u00e1zvu-83\" itemprop=\"image\" title=\"Bez n\u00e1zvu-83\" onerror=\"this.style.display='none'\"  \/>\n\t<p>Dopravn\u011b in\u017een\u00fdrsk\u00e1 opat\u0159en\u00ed<\/p>\n\t\t\t\t<img src=\"http:\/\/www.mkdoprava.cz\/wp-content\/uploads\/2022\/09\/rozhled-150x150.png\" alt=\"rozhled\" itemprop=\"image\" title=\"rozhled\" onerror=\"this.style.display='none'\"  \/>\n\t<p>P\u0159ipojen\u00ed na pozemn\u00ed komunikaci, posouzen\u00ed rozhledov\u00fdch troj\u00faheln\u00edk\u016f<\/p>\n<h2>\n\t\tKontakt\n\t<\/h2>\n\t\t\t\t<img src=\"http:\/\/www.mkdoprava.cz\/wp-content\/uploads\/2022\/09\/IMG_2224-1-scaled.jpg\" alt=\"IMG_2224\" itemprop=\"image\" title=\"IMG_2224\" onerror=\"this.style.display='none'\"  \/>\n\t<strong>Ing. Miroslav Kalina<\/strong><br \/>\nautorizovan\u00fd in\u017een\u00fdr dopravn\u00edch staveb<br \/>\nauditor bezpe\u010dnosti pozemn\u00edch komunikac\u00ed\nEmail:\u00a0kalina@mkdoprava.cz<br \/>\nTel.:\u00a0777 073 064\n<p>Kancel\u00e1\u0159: N\u00e1m\u011bst\u00ed P\u0159emyslovc\u016f 166\/17, 28802 Nymburk<\/p>\nI\u010cO:\u00a005933129<br \/>\nS\u00eddlo: Josefa Ja\u0161keho 2737, 288 02 Nymburk\n\t\t\t\t<a href=\"https:\/\/www.google.com\/maps\/place\/N%C3%A1m.+P%C5%99emyslovc%C5%AF+166%2F17,+288+02+Nymburk+2\/@50.1856535,15.0398928,17.75z\/data=!4m6!3m5!1s0x470c0f7689e11aff:0xc05d28b31a777fa!8m2!3d50.1855845!4d15.0406176!16s%2Fg%2F11c1_gbzzx?entry=ttu&#038;g_ep=EgoyMDI0MTAxNC4wIKXMDSoASAFQAw%3D%3D\" target=\"_blank\" rel=\"noopener\" itemprop=\"url\">\n\t\t\t\t<img src=\"http:\/\/www.mkdoprava.cz\/wp-content\/uploads\/2024\/10\/mapa1.png\" alt=\"mapa1\" itemprop=\"image\" title=\"mapa1\" onerror=\"this.style.display='none'\"  \/>\n\t\t\t\t<\/a>\n\n","protected":false},"excerpt":{"rendered":"<p>&#8230; ji\u017e od roku 2008 O mn\u011b Projektov\u00e1n\u00edm dopravn\u00edch staveb se zab\u00fdv\u00e1m ji\u017e od roku 2008. Za tu dobu jsem \u0159e\u0161il ji\u017e mnoho velk\u00fdch i mal\u00fdch staveb, a to v\u017edy s respektem k logicko-technick\u00e9mu n\u00e1vrhu s ohledem na \u00fazem\u00ed, urbanismus, \u017eivotn\u00ed prost\u0159en\u00ed a v neposledn\u00ed \u0159ad\u011b k po\u017eadavk\u016fm klienta. Jsem autorizovan\u00fdm in\u017een\u00fdrem \u010cKAIT v oboru [&hellip;]<\/p>\n","protected":false},"author":1,"featured_media":1826,"parent":0,"menu_order":0,"comment_status":"closed","ping_status":"closed","template":"","meta":[],"_links":{"self":[{"href":"https:\/\/www.mkdoprava.cz\/index.php?rest_route=\/wp\/v2\/pages\/1806"}],"collection":[{"href":"https:\/\/www.mkdoprava.cz\/index.php?rest_route=\/wp\/v2\/pages"}],"about":[{"href":"https:\/\/www.mkdoprava.cz\/index.php?rest_route=\/wp\/v2\/types\/page"}],"author":[{"embeddable":true,"href":"https:\/\/www.mkdoprava.cz\/index.php?rest_route=\/wp\/v2\/users\/1"}],"replies":[{"embeddable":true,"href":"https:\/\/www.mkdoprava.cz\/index.php?rest_route=%2Fwp%2Fv2%2Fcomments&post=1806"}],"version-history":[{"count":22,"href":"https:\/\/www.mkdoprava.cz\/index.php?rest_route=\/wp\/v2\/pages\/1806\/revisions"}],"predecessor-version":[{"id":1877,"href":"https:\/\/www.mkdoprava.cz\/index.php?rest_route=\/wp\/v2\/pages\/1806\/revisions\/1877"}],"wp:featuredmedia":[{"embeddable":true,"href":"https:\/\/www.mkdoprava.cz\/index.php?rest_route=\/wp\/v2\/media\/1826"}],"wp:attachment":[{"href":"https:\/\/www.mkdoprava.cz\/index.php?rest_route=%2Fwp%2Fv2%2Fmedia&parent=1806"}],"curies":[{"name":"wp","href":"https:\/\/api.w.org\/{rel}","templated":true}]}}

<h2>
		&#8230; již od roku 2008
	</h2>
<h2>
		O mně
	</h2>
	<p>Projektováním dopravních staveb se zabývám již od roku 2008. Za tu dobu jsem řešil již mnoho velkých i malých staveb, a to vždy s respektem k logicko-technickému návrhu s ohledem na území, urbanismus, životní prostření a v neposlední řadě k požadavkům klienta. Jsem autorizovaným inženýrem ČKAIT v oboru dopravních staveb (00128921) a držitelem osvědčení ministerstva dopravy auditor bezpečnosti pozemních komunikací (0102).</p>
<h2>
		Zabývám se
	</h2>
				<img src="http://www.mkdoprava.cz/wp-content/uploads/2022/09/Bez-nazvu-5-150x150.png" alt="Bez názvu-5" itemprop="image" title="Bez názvu-5" onerror="this.style.display='none'"  />
	<p>Zpracování projektové dokumentace: silnic, místních komunikací, parkovišť, garáží, cyklostezek, chodníků</p>
				<img src="http://www.mkdoprava.cz/wp-content/uploads/2022/09/park-150x150.png" alt="park" itemprop="image" title="park" onerror="this.style.display='none'"  />
	<p>Výpočet dopravy v klidu</p>
				<img src="http://www.mkdoprava.cz/wp-content/uploads/2022/09/Bez-nazvu-7-150x150.png" alt="Bez názvu-7" itemprop="image" title="Bez názvu-7" onerror="this.style.display='none'"  />
	<p>Zpracování generelů dopravy měst a obcí</p>
				<img src="http://www.mkdoprava.cz/wp-content/uploads/2022/09/265-2658135_general-contractor-manager-main-contractor-building-helmet-icon-150x150.png" alt="265-2658135_general-contractor-manager-main-contractor-building-helmet-icon" itemprop="image" title="265-2658135_general-contractor-manager-main-contractor-building-helmet-icon" onerror="this.style.display='none'"  />
	<p>Audit bezpečnosti pozemních komunikací a bezpečnostní inspekce</p>
				<img src="http://www.mkdoprava.cz/wp-content/uploads/2022/09/Bez-nazvu-83-150x150.png" alt="Bez názvu-83" itemprop="image" title="Bez názvu-83" onerror="this.style.display='none'"  />
	<p>Dopravně inženýrská opatření</p>
				<img src="http://www.mkdoprava.cz/wp-content/uploads/2022/09/rozhled-150x150.png" alt="rozhled" itemprop="image" title="rozhled" onerror="this.style.display='none'"  />
	<p>Připojení na pozemní komunikaci, posouzení rozhledových trojúhelníků</p>
<h2>
		Kontakt
	</h2>
				<img src="http://www.mkdoprava.cz/wp-content/uploads/2022/09/IMG_2224-1-scaled.jpg" alt="IMG_2224" itemprop="image" title="IMG_2224" onerror="this.style.display='none'"  />
	<strong>Ing. Miroslav Kalina</strong><br />
autorizovaný inženýr dopravních staveb<br />
auditor bezpečnosti pozemních komunikací
Email: kalina@mkdoprava.cz<br />
Tel.: 777 073 064
<p>Kancelář: Náměstí Přemyslovců 166/17, 28802 Nymburk</p>
IČO: 05933129<br />
Sídlo: Josefa Jaškeho 2737, 288 02 Nymburk
				<a href="https://www.google.com/maps/place/N%C3%A1m.+P%C5%99emyslovc%C5%AF+166%2F17,+288+02+Nymburk+2/@50.1856535,15.0398928,17.75z/data=!4m6!3m5!1s0x470c0f7689e11aff:0xc05d28b31a777fa!8m2!3d50.1855845!4d15.0406176!16s%2Fg%2F11c1_gbzzx?entry=ttu&#038;g_ep=EgoyMDI0MTAxNC4wIKXMDSoASAFQAw%3D%3D" target="_blank" rel="noopener" itemprop="url">
				<img src="http://www.mkdoprava.cz/wp-content/uploads/2024/10/mapa1.png" alt="mapa1" itemprop="image" title="mapa1" onerror="this.style.display='none'"  />
				</a>

<p>&#8230; již od roku 2008 O mně Projektováním dopravních staveb se zabývám již od roku 2008. Za tu dobu jsem řešil již mnoho velkých i malých staveb, a to vždy s respektem k logicko-technickému návrhu s ohledem na území, urbanismus, životní prostření a v neposlední řadě k požadavkům klienta. Jsem autorizovaným inženýrem ČKAIT v oboru [&hellip;]</p>
